{"id":353,"date":"2021-05-18T12:46:13","date_gmt":"2021-05-18T15:46:13","guid":{"rendered":"https:\/\/www.defesadacf88.ufscar.br\/?page_id=353"},"modified":"2021-05-18T12:47:27","modified_gmt":"2021-05-18T15:47:27","slug":"editorial","status":"publish","type":"page","link":"https:\/\/www.defesadacf88.ufscar.br\/index.php\/editorial\/","title":{"rendered":"Editorial"},"content":{"rendered":"\n<p>O blog \u201cA Defesa da Constitui\u00e7\u00e3o Federal de 88\u201d, tem como objetivo central trabalhar e esclarecer de diferentes perspectivas o processo civilizat\u00f3rio contido na constitui\u00e7\u00e3o federal, promovendo sua interpreta\u00e7\u00e3o cient\u00edfica e plural. Prezando pela defesa da for\u00e7a normativa constitucional frente \u00e0 barb\u00e1rie e ao n\u00e3o-direito. Todos os textos e artigos publicados t\u00eam como cerne, a primazia do texto constitucional como um instrumento indispens\u00e1vel \u00e0 defesa do Estado Democr\u00e1tico de Direito, bem como o combate as diferentes formas nega\u00e7\u00e3o de direitos e prezando pela concretiza\u00e7\u00e3o das previs\u00f5es constitucionais.<\/p>\n\n\n\n<p><em>Corpo Editorial<\/em><\/p>\n\n\n\n<p><strong>Dr. Vin\u00edcio Carrilho Martinez<\/strong><\/p>\n\n\n\n<p><strong>Editor<\/strong><\/p>\n\n\n\n<p><strong>Institui\u00e7\u00e3o:<\/strong> Universidade Federal de S\u00e3o Carlos &#8211; UFSCar.<\/p>\n\n\n\n<p>Vin\u00edcio Martinez \u00e9 advogado, cientista social, e Professor Associado II, do Departamento de Educa\u00e7\u00e3o e conduz as suas pesquisas nos campos da educa\u00e7\u00e3o e da ci\u00eancia pol\u00edtica. Possui dois doutoramentos, um em educa\u00e7\u00e3o pela Universidade de S\u00e3o Paulo &#8211; USP (2001), e um segundo em Ci\u00eancias Sociais pela Universidade Estadual Paulista &#8211; Unesp (2010). Tamb\u00e9m realizou cinco pesquisas de p\u00f3s-doutoramento em Direito, Ci\u00eancias Pol\u00edticas, e Educa\u00e7\u00e3o. Atualmente est\u00e1 a publicar um livro que analisa a estrutura fascista e o aparecimento no s\u00e9culo XXI e a organizar um curso de extens\u00e3o universit\u00e1ria para uma leitura hermen\u00eautica e integral da Constitui\u00e7\u00e3o Federal Brasileira de 1988.<\/p>\n\n\n\n<p><strong>T\u00f3picos de investiga\u00e7\u00e3o:<\/strong> Novas tecnologias; Teoria Pol\u00edtica; Pol\u00edtica P\u00fablica; Direitos Humanos; Educa\u00e7\u00e3o e Sociedade; Teoria do Estado.<\/p>\n\n\n\n<p><strong>M.A. Claudia Pires de Castro<\/strong><\/p>\n\n\n\n<p><strong>Editora<\/strong><\/p>\n\n\n\n<p><strong>Institui\u00e7\u00e3o:<\/strong> Universidade de Viena, \u00c1ustria<\/p>\n\n\n\n<p>Claudia Pires de Castro recebeu o seu mestrado em Ci\u00eancias da Comunica\u00e7\u00e3o da Universidade de Viena (Viena). Tem uma p\u00f3s-gradua\u00e7\u00e3o em Marketing na Escola Superior de Propaganda e Marketing, ou ESPM (Brasil) e uma licenciatura em Ci\u00eancias da Comunica\u00e7\u00e3o na Funda\u00e7\u00e3o Armando Alvares Penteado, ou FAAP (Brasil).<\/p>\n\n\n\n<p><strong>Temas de investiga\u00e7\u00e3o:<\/strong>&nbsp; Meios Sociais; Migra\u00e7\u00e3o; Comunica\u00e7\u00e3o Pol\u00edtica; Teoria da Comunica\u00e7\u00e3o; M\u00e9todos de Investiga\u00e7\u00e3o.<\/p>\n","protected":false},"excerpt":{"rendered":"<p>O blog \u201cA Defesa da Constitui\u00e7\u00e3o Federal de 88\u201d, tem como objetivo central trabalhar e esclarecer de diferentes perspectivas o processo civilizat\u00f3rio contido na constitui\u00e7\u00e3o &hellip; <\/p>\n","protected":false},"author":2,"featured_media":0,"parent":0,"menu_order":0,"comment_status":"closed","ping_status":"closed","template":"","meta":[],"_links":{"self":[{"href":"https:\/\/www.defesadacf88.ufscar.br\/index.php\/wp-json\/wp\/v2\/pages\/353"}],"collection":[{"href":"https:\/\/www.defesadacf88.ufscar.br\/index.php\/wp-json\/wp\/v2\/pages"}],"about":[{"href":"https:\/\/www.defesadacf88.ufscar.br\/index.php\/wp-json\/wp\/v2\/types\/page"}],"author":[{"embeddable":true,"href":"https:\/\/www.defesadacf88.ufscar.br\/index.php\/wp-json\/wp\/v2\/users\/2"}],"replies":[{"embeddable":true,"href":"https:\/\/www.defesadacf88.ufscar.br\/index.php\/wp-json\/wp\/v2\/comments?post=353"}],"version-history":[{"count":2,"href":"https:\/\/www.defesadacf88.ufscar.br\/index.php\/wp-json\/wp\/v2\/pages\/353\/revisions"}],"predecessor-version":[{"id":359,"href":"https:\/\/www.defesadacf88.ufscar.br\/index.php\/wp-json\/wp\/v2\/pages\/353\/revisions\/359"}],"wp:attachment":[{"href":"https:\/\/www.defesadacf88.ufscar.br\/index.php\/wp-json\/wp\/v2\/media?parent=353"}],"curies":[{"name":"wp","href":"https:\/\/api.w.org\/{rel}","templated":true}]}}

<p>O blog “A Defesa da Constituição Federal de 88”, tem como objetivo central trabalhar e esclarecer de diferentes perspectivas o processo civilizatório contido na constituição federal, promovendo sua interpretação científica e plural. Prezando pela defesa da força normativa constitucional frente à barbárie e ao não-direito. Todos os textos e artigos publicados têm como cerne, a primazia do texto constitucional como um instrumento indispensável à defesa do Estado Democrático de Direito, bem como o combate as diferentes formas negação de direitos e prezando pela concretização das previsões constitucionais.</p>



<p><em>Corpo Editorial</em></p>



<p><strong>Dr. Vinício Carrilho Martinez</strong></p>



<p><strong>Editor</strong></p>



<p><strong>Instituição:</strong> Universidade Federal de São Carlos &#8211; UFSCar.</p>



<p>Vinício Martinez é advogado, cientista social, e Professor Associado II, do Departamento de Educação e conduz as suas pesquisas nos campos da educação e da ciência política. Possui dois doutoramentos, um em educação pela Universidade de São Paulo &#8211; USP (2001), e um segundo em Ciências Sociais pela Universidade Estadual Paulista &#8211; Unesp (2010). Também realizou cinco pesquisas de pós-doutoramento em Direito, Ciências Políticas, e Educação. Atualmente está a publicar um livro que analisa a estrutura fascista e o aparecimento no século XXI e a organizar um curso de extensão universitária para uma leitura hermenêutica e integral da Constituição Federal Brasileira de 1988.</p>



<p><strong>Tópicos de investigação:</strong> Novas tecnologias; Teoria Política; Política Pública; Direitos Humanos; Educação e Sociedade; Teoria do Estado.</p>



<p><strong>M.A. Claudia Pires de Castro</strong></p>



<p><strong>Editora</strong></p>



<p><strong>Instituição:</strong> Universidade de Viena, Áustria</p>



<p>Claudia Pires de Castro recebeu o seu mestrado em Ciências da Comunicação da Universidade de Viena (Viena). Tem uma pós-graduação em Marketing na Escola Superior de Propaganda e Marketing, ou ESPM (Brasil) e uma licenciatura em Ciências da Comunicação na Fundação Armando Alvares Penteado, ou FAAP (Brasil).</p>



<p><strong>Temas de investigação:</strong>&nbsp; Meios Sociais; Migração; Comunicação Política; Teoria da Comunicação; Métodos de Investigação.</p>

<p>O blog “A Defesa da Constituição Federal de 88”, tem como objetivo central trabalhar e esclarecer de diferentes perspectivas o processo civilizatório contido na constituição &hellip; </p>
